455490?
1
What is the millions digit of 1075878546?
5
What is the hundreds digit of 778651994?
9
What is the hundred thousands digit of 219409340?
4
What is the tens digit of 845791374?
7
What is the ten millions digit of 46188195?
4
What is the units digit of 1119564?
4
What is the units digit of 544266970?
0
What is the ten millions digit of 1202977356?
0
What is the thousands digit of 1146131912?
1
What is the billions digit of 1567046718?
1
What is the thousands digit of 24916394?
6
What is the ten thousands digit of 3259049351?
4
What is the billions digit of 1751575582?
1
What is the hundreds digit of 456520158?
1
What is the tens digit of 26735059?
5
What is the tens digit of 1078892299?
9
What is the ten thousands digit of 175685870?
8
What is the ten thousands digit of 89797510?
9
What is the thousands digit of 53446589?
6
What is the millions digit of 255200948?
5
What is the hundred thousands digit of 557429156?
4
What is the thousands digit of 27560613?
0
What is the thousands digit of 334504977?
4
What is the units digit of 343247519?
9
What is the hundred millions digit of 101992797?
1
What is the hundreds digit of 108970634?
6
What is the hundred thousands digit of 6052216662?
2
What is the hundred millions digit of 472277193?
4
What is the ten millions digit of 363144544?
6
What is the ten thousands digit of 777334365?
3
What is the units digit of 930362585?
5
What is the units digit of 87278531?
1
What is the hundreds digit of 254733517?
5
What is the tens digit of 2907812060?
6
What is the tens digit of 1946933276?
7
What is the ten millions digit of 114630266?
1
What is the ten millions digit of 1657459579?
5
What is the thousands digit of 5613990210?
0
What is the tens digit of 964850445?
4
What is the tens digit of 1288011501?
0
What is the units digit of 49979254?
4
What is the millions digit of 106430334?
6
What is the millions digit of 1167397268?
7
What is the thousands digit of 118171303?
1
What is the units digit of 277697123?
3
What is the units digit of 594091025?
5
What is the millions digit of 736843580?
6
What is the millions digit of 449759912?
9
What is the hundred thousands digit of 484173988?
1
What is the units digit of 39663795?
5
What is the ten thousands digit of 78940840?
4
What is the hundred millions digit of 1695545672?
6
What is the millions digit of 200689907?
0
What is the ten millions digit of 763566615?
6
What is the ten millions digit of 1231594683?
3
What is the tens digit of 420921656?
5
What is the hundred millions digit of 1460583700?
4
What is the thousands digit of 3384017?
4
What is the ten thousands digit of 597046890?
4
What is the hundreds digit of 1473603750?
7
What is the units digit of 1664530590?
0
What is the units digit of 576931812?
2
What is the thousands digit of 482472863?
2
What is the units digit of 271427790?
0
What is the hundred thousands digit of 188360812?
3
What is the ten thousands digit of 22991229?
9
What is the thousands digit of 45610524?
0
What is the hundred millions digit of 3779960276?
7
What is the billions digit of 1351499515?
1
What is the hundred thousands digit of 3863480081?
4
What is the hundred millions digit of 629142130?
6
What is the millions digit of 1912898227?
2
What is the hundred thousands digit of 154941332?
9
What is the millions digit of 130219803?
0
What is the hundreds digit of 82542754?
7
What is the ten thousands digit of 55949962?
4
What is the tens digit of 13475483?
8
What is the units digit of 122702814?
4
What is the hundred thousands digit of 67672021?
6
What is the ten millions digit of 262248505?
6
What is the units digit of 299479977?
7
What is the ten millions digit of 361313116?
6
What is the ten thousands digit of 1996657342?
5
What is the billions digit of 1246171967?
1
What is the hundred thousands digit of 980068?
9
What is the hundred thousands digit of 280651093?
6
What is the tens digit of 8239598?
9
What is the hundred millions digit of 523417941?
5
What is the millions digit of 292095799?
2
What is the ten thousands digit of 746308036?
0
What is the tens digit of 48298255?
5
What is the thousands digit of 611450638?
0
What is the ten thousands digit of 1512434793?
3
What is the thousands digit of 369237115?
7
What is the hundreds digit of 112896369?
3
What is the ten thousands digit of 60088922?
8
What is the billions digit of 2568901903?
2
What is the tens digit of 1728657172?
7
What is the hundreds digit of 195459504?
5
What is the millions digit of 196907467?
6
What is the tens digit of 405146230?
3
What is the hundred thousands digit of 95285827?
2
What is the thousands digit of 1026377374?
7
What is the units digit of 55574843?
3
What is the ten thousands digit of 55908554?
0
What is the thousands digit of 3517733116?
3
What is the units digit of 45337243?
3
What is the hundred thousands digit of 811975420?
9
What is the ten thousands digit of 216766172?
6
What is the millions digit of 45753962?
5
What is the hundred millions digit of 673639555?
6
What is the ten thousands digit of 671015511?
1
What is the hundred thousands digit of 4146523859?
5
What is the ten thousands digit of 5747565?
4
What is the ten millions digit of 155637678?
5
What is the ten thousands digit of 569303720?
0
What is the units digit of 4262757065?
5
What is the units digit of 491693017?
7
What is the tens digit of 49914554?
5
What is the ten thousands digit of 803882103?
8
What is the units digit of 3249800622?
2
What is the ten thousands digit of 33014533?
1
What is the tens digit of 243315454?
5
What is the millions digit of 25106610?
5
What is the ten thousands digit of 214119570?
1
What is the ten millions digit of 2801934892?
0
What is the billions digit of 3155375667?
3
What is the thousands digit of 93118039?
8
What is the thousands digit of 107815984?
5
What is the hundreds digit of 185976365?
3
What is the ten thousands digit of 287323096?
2
What is the units digit of 110896701?
1
What is the ten thousands digit of 96196735?
9
What is the ten millions digit of 1150573381?
5
What is the ten thousands digit of 3006135245?
3
What is the ten millions digit of 277691796?
7
What is the tens digit of 498199?
9
What is the ten millions digit of 252484765?
5
What is the hundred thousands digit of 30031629?
0
What is the ten thousands digit of 40668470?
6
What is the hundreds digit of 1465062418?
4
What is the hundred thousands digit of 107296141?
2
What is the ten millions digit of 485562979?
8
What is the hundred thousands digit of 275140636?
1
What is the hundred thousands digit of 203544004?
5
What is the millions digit of 224028591?
4
What is the hundred thousands digit of 3445472346?
4
What is the hundred thousands digit of 171441803?
4
What is the units digit of 611701533?
3
What is the hundred millions digit of 2138947006?
1
What is the hundred millions digit of 131670486?
1
What is the units digit of 122444924?
4
What is the ten millions digit of 1156340724?
5
What is the tens digit of 1515298277?
7
What is the millions digit of 3027289273?
7
What is the hundreds digit of 22793744?
7
What is the tens digit of 10019782?
8
What is the millions digit of 117656578?
7
What is the ten millions digit of 44033885?
4
What is the hundreds digit of 1411773?
7
What is the hundred thousands digit of 948064586?
0
What is the tens digit of 147112099?
9
What is the thousands digit of 95167187?
7
What is the billions digit of 1027080560?
1
What is the millions digit of 324772599?
4
What is the hundreds digit of 878197696?
6
What is the millions digit of 144076092?
4
What is the ten thousands digit of 913933979?
3
What is the hundreds digit of 375363011?
0
What is the millions digit of 2934099748?
4
What is the hundreds digit of 84920628?
6
What is the units digit of 78705995?
5
What is the tens digit of 1709297153?
5
What is the thousands digit of 212564167?
4
What is the hundreds digit of 377533806?
8
What is the hundred millions digit of 5448472552?
4
What is the millions digit of 1261997389?
1
What is the hundred millions digit of 1598850236?
5
What is the units digit of 368527842?
2
What is the ten thousands digit of 16606036?
0
What is the hundred thousands digit of 3752210256?
2
What is the ten thousands digit of 3311827334?
2
What i